{"id":213,"date":"2024-09-22T14:13:07","date_gmt":"2024-09-22T12:13:07","guid":{"rendered":"https:\/\/lab20.fr\/?page_id=213"},"modified":"2024-09-23T09:29:20","modified_gmt":"2024-09-23T07:29:20","slug":"histoire-des-lieux","status":"publish","type":"page","link":"https:\/\/lab20.fr\/index.php\/histoire-des-lieux\/","title":{"rendered":"Histoire des lieux"},"content":{"rendered":"\n<div class=\"wp-block-group alignfull has-accent-background-color has-background has-global-padding is-layout-constrained wp-container-core-group-is-layout-669513ed wp-block-group-is-layout-constrained\" style=\"margin-top:0;margin-bottom:0;padding-top:var(--wp--preset--spacing--50);padding-right:var(--wp--preset--spacing--50);padding-bottom:var(--wp--preset--spacing--50);padding-left:var(--wp--preset--spacing--50)\">\n<div class=\"wp-block-columns alignwide is-layout-flex wp-container-core-columns-is-layout-1da03c2a wp-block-columns-is-layout-flex\">\n<div class=\"wp-block-column is-vertically-aligned-stretch is-layout-flow wp-block-column-is-layout-flow\" style=\"flex-basis:50%\">\n<div class=\"wp-block-group is-vertical is-content-justification-stretch is-layout-flex wp-container-core-group-is-layout-444d5ee8 wp-block-group-is-layout-flex\" style=\"min-height:100%\">\n<p class=\"has-heading-font-family has-x-large-font-size\" style=\"line-height:1.2\">Un espace de travail unique o\u00f9 l\u2019histoire rencontre la modernit\u00e9, au c\u0153ur de Lyon.<\/p>\n\n\n\n<p>Depuis 2020, LAB20 a accueilli plusieurs types de m\u00e9tiers : <br>une TPE de programmation web, <br>le secr\u00e9tariat d&rsquo;une maison d&rsquo;\u00e9dition, <br>un styliste,<br>l&rsquo;antenne d&rsquo;une entreprise publique de la culture, <br>des agents immobiliers et des t\u00e9l\u00e9-travailleurs du quartier.<\/p>\n<\/div>\n<\/div>\n\n\n\n<div class=\"wp-block-column is-vertically-aligned-center is-layout-flow wp-block-column-is-layout-flow\" style=\"flex-basis:50%\">\n<figure class=\"wp-block-image size-full is-resized is-style-rounded is-style-rounded--1\"><img loading=\"lazy\" decoding=\"async\" width=\"1200\" height=\"1600\" src=\"https:\/\/lab20.fr\/wp-content\/uploads\/2024\/09\/image-4.jpeg\" alt=\"Category:\u00c9glise Saint-Polycarpe - Wikimedia Commons\" class=\"wp-image-218\" style=\"object-fit:cover;width:581px;height:auto\" srcset=\"https:\/\/lab20.fr\/wp-content\/uploads\/2024\/09\/image-4.jpeg 1200w, https:\/\/lab20.fr\/wp-content\/uploads\/2024\/09\/image-4-225x300.jpeg 225w, https:\/\/lab20.fr\/wp-content\/uploads\/2024\/09\/image-4-768x1024.jpeg 768w, https:\/\/lab20.fr\/wp-content\/uploads\/2024\/09\/image-4-1152x1536.jpeg 1152w\" sizes=\"auto, (max-width: 1200px) 100vw, 1200px\" \/><figcaption class=\"wp-element-caption\">Fa\u00e7ade de l&rsquo;\u00e9glise Saint-Polycarpe<\/figcaption><\/figure>\n<\/div>\n<\/div>\n<\/div>\n\n\n\n<div class=\"wp-block-group alignfull has-base-background-color has-background has-global-padding is-layout-constrained wp-container-core-group-is-layout-d89aad35 wp-block-group-is-layout-constrained\" style=\"margin-top:0;margin-bottom:0;padding-top:var(--wp--preset--spacing--50);padding-right:var(--wp--preset--spacing--50);padding-bottom:var(--wp--preset--spacing--50);padding-left:var(--wp--preset--spacing--50)\">\n<div class=\"wp-block-columns alignwide is-layout-flex wp-container-core-columns-is-layout-549b0c86 wp-block-columns-is-layout-flex\">\n<div class=\"wp-block-column is-layout-flow wp-block-column-is-layout-flow\" style=\"flex-basis:33.34%\">\n<p>Install\u00e9 sur le site d\u2019un ancien couvent des Capucines, l\u2019espace LAB20 plonge ses occupants dans un environnement \u00e0 la fois historique et fonctionnel. Vestiges d\u2019une autre \u00e9poque, ses salles vo\u00fbt\u00e9es et colonnes rappellent le pass\u00e9 du lieu, tandis qu\u2019un coffre-fort ma\u00e7onn\u00e9, dissimul\u00e9 dans une partie discr\u00e8te, t\u00e9moigne de la pr\u00e9sence d\u2019un tailleur de pierres pr\u00e9cieuses qui, dans la deuxi\u00e8me moiti\u00e9 du XXe si\u00e8cle, transforma l\u2019espace en un atelier s\u00e9curis\u00e9.<\/p>\n<\/div>\n\n\n\n<div class=\"wp-block-column is-layout-flow wp-block-column-is-layout-flow\" style=\"flex-basis:33.34%\">\n<p>En 1999, l\u2019agence KAA Architectures s\u2019y installe et r\u00e9organise les espaces pour mettre en valeur la double exposition lumineuse du rez-de-chauss\u00e9e. Cette transformation ouvre l\u2019espace, laissant entrer la lumi\u00e8re de la majestueuse fa\u00e7ade de l\u2019\u00e9glise Saint-Polycarpe. En 2020, une r\u00e9novation compl\u00e8te est r\u00e9alis\u00e9e, alliant esth\u00e9tique et performance \u00e9cologique : bois de peuplier, murs en pierre chaul\u00e9e, sol en b\u00e9ton cir\u00e9 et isolation thermique renforc\u00e9e.<\/p>\n<\/div>\n\n\n\n<div class=\"wp-block-column is-layout-flow wp-block-column-is-layout-flow\" style=\"flex-basis:33.33%\">\n<p>Aujourd\u2019hui, LAB20 est bien plus qu\u2019un espace de travail. C\u2019est un lieu de vie o\u00f9 le calme, la lumi\u00e8re et l\u2019histoire se conjuguent pour offrir aux ind\u00e9pendants et petites entreprises un cadre propice \u00e0 la cr\u00e9ativit\u00e9 et \u00e0 la concentration. Ici, chaque d\u00e9tail a \u00e9t\u00e9 pens\u00e9 pour s\u2019adapter aux nouveaux modes de travail, tout en pr\u00e9servant l\u2019\u00e2me du lieu.<\/p>\n<\/div>\n<\/div>\n<\/div>\n","protected":false},"excerpt":{"rendered":"<p>Un espace de travail unique o\u00f9 l\u2019histoire rencontre la modernit\u00e9, au c\u0153ur de Lyon. Depuis 2020, LAB20 a accueilli plusieurs types de m\u00e9tiers : une TPE de programmation web, le secr\u00e9tariat d&rsquo;une maison d&rsquo;\u00e9dition, un styliste,l&rsquo;antenne d&rsquo;une entreprise publique de la culture, des agents immobiliers et des t\u00e9l\u00e9-travailleurs du quartier. Install\u00e9 sur le site d\u2019un [&hellip;]<\/p>\n","protected":false},"author":1,"featured_media":0,"parent":0,"menu_order":0,"comment_status":"closed","ping_status":"closed","template":"","meta":{"footnotes":""},"class_list":["post-213","page","type-page","status-publish","hentry"],"_links":{"self":[{"href":"https:\/\/lab20.fr\/index.php\/wp-json\/wp\/v2\/pages\/213","targetHints":{"allow":["GET"]}}],"collection":[{"href":"https:\/\/lab20.fr\/index.php\/wp-json\/wp\/v2\/pages"}],"about":[{"href":"https:\/\/lab20.fr\/index.php\/wp-json\/wp\/v2\/types\/page"}],"author":[{"embeddable":true,"href":"https:\/\/lab20.fr\/index.php\/wp-json\/wp\/v2\/users\/1"}],"replies":[{"embeddable":true,"href":"https:\/\/lab20.fr\/index.php\/wp-json\/wp\/v2\/comments?post=213"}],"version-history":[{"count":8,"href":"https:\/\/lab20.fr\/index.php\/wp-json\/wp\/v2\/pages\/213\/revisions"}],"predecessor-version":[{"id":271,"href":"https:\/\/lab20.fr\/index.php\/wp-json\/wp\/v2\/pages\/213\/revisions\/271"}],"wp:attachment":[{"href":"https:\/\/lab20.fr\/index.php\/wp-json\/wp\/v2\/media?parent=213"}],"curies":[{"name":"wp","href":"https:\/\/api.w.org\/{rel}","templated":true}]}}

<div class="wp-block-group alignfull has-accent-background-color has-background has-global-padding is-layout-constrained wp-container-core-group-is-layout-669513ed wp-block-group-is-layout-constrained" style="margin-top:0;margin-bottom:0;padding-top:var(--wp--preset--spacing--50);padding-right:var(--wp--preset--spacing--50);padding-bottom:var(--wp--preset--spacing--50);padding-left:var(--wp--preset--spacing--50)">
<div class="wp-block-columns alignwide is-layout-flex wp-container-core-columns-is-layout-1da03c2a wp-block-columns-is-layout-flex">
<div class="wp-block-column is-vertically-aligned-stretch is-layout-flow wp-block-column-is-layout-flow" style="flex-basis:50%">
<div class="wp-block-group is-vertical is-content-justification-stretch is-layout-flex wp-container-core-group-is-layout-444d5ee8 wp-block-group-is-layout-flex" style="min-height:100%">
<p class="has-heading-font-family has-x-large-font-size" style="line-height:1.2">Un espace de travail unique où l’histoire rencontre la modernité, au cœur de Lyon.</p>



<p>Depuis 2020, LAB20 a accueilli plusieurs types de métiers : <br>une TPE de programmation web, <br>le secrétariat d&rsquo;une maison d&rsquo;édition, <br>un styliste,<br>l&rsquo;antenne d&rsquo;une entreprise publique de la culture, <br>des agents immobiliers et des télé-travailleurs du quartier.</p>
</div>
</div>



<div class="wp-block-column is-vertically-aligned-center is-layout-flow wp-block-column-is-layout-flow" style="flex-basis:50%">
<figure class="wp-block-image size-full is-resized is-style-rounded is-style-rounded--1"><img loading="lazy" decoding="async" width="1200" height="1600" src="https://lab20.fr/wp-content/uploads/2024/09/image-4.jpeg" alt="Category:Église Saint-Polycarpe - Wikimedia Commons" class="wp-image-218" style="object-fit:cover;width:581px;height:auto" srcset="https://lab20.fr/wp-content/uploads/2024/09/image-4.jpeg 1200w, https://lab20.fr/wp-content/uploads/2024/09/image-4-225x300.jpeg 225w, https://lab20.fr/wp-content/uploads/2024/09/image-4-768x1024.jpeg 768w, https://lab20.fr/wp-content/uploads/2024/09/image-4-1152x1536.jpeg 1152w" sizes="auto, (max-width: 1200px) 100vw, 1200px" /><figcaption class="wp-element-caption">Façade de l&rsquo;église Saint-Polycarpe</figcaption></figure>
</div>
</div>
</div>



<div class="wp-block-group alignfull has-base-background-color has-background has-global-padding is-layout-constrained wp-container-core-group-is-layout-d89aad35 wp-block-group-is-layout-constrained" style="margin-top:0;margin-bottom:0;padding-top:var(--wp--preset--spacing--50);padding-right:var(--wp--preset--spacing--50);padding-bottom:var(--wp--preset--spacing--50);padding-left:var(--wp--preset--spacing--50)">
<div class="wp-block-columns alignwide is-layout-flex wp-container-core-columns-is-layout-549b0c86 wp-block-columns-is-layout-flex">
<div class="wp-block-column is-layout-flow wp-block-column-is-layout-flow" style="flex-basis:33.34%">
<p>Installé sur le site d’un ancien couvent des Capucines, l’espace LAB20 plonge ses occupants dans un environnement à la fois historique et fonctionnel. Vestiges d’une autre époque, ses salles voûtées et colonnes rappellent le passé du lieu, tandis qu’un coffre-fort maçonné, dissimulé dans une partie discrète, témoigne de la présence d’un tailleur de pierres précieuses qui, dans la deuxième moitié du XXe siècle, transforma l’espace en un atelier sécurisé.</p>
</div>



<div class="wp-block-column is-layout-flow wp-block-column-is-layout-flow" style="flex-basis:33.34%">
<p>En 1999, l’agence KAA Architectures s’y installe et réorganise les espaces pour mettre en valeur la double exposition lumineuse du rez-de-chaussée. Cette transformation ouvre l’espace, laissant entrer la lumière de la majestueuse façade de l’église Saint-Polycarpe. En 2020, une rénovation complète est réalisée, alliant esthétique et performance écologique : bois de peuplier, murs en pierre chaulée, sol en béton ciré et isolation thermique renforcée.</p>
</div>



<div class="wp-block-column is-layout-flow wp-block-column-is-layout-flow" style="flex-basis:33.33%">
<p>Aujourd’hui, LAB20 est bien plus qu’un espace de travail. C’est un lieu de vie où le calme, la lumière et l’histoire se conjuguent pour offrir aux indépendants et petites entreprises un cadre propice à la créativité et à la concentration. Ici, chaque détail a été pensé pour s’adapter aux nouveaux modes de travail, tout en préservant l’âme du lieu.</p>
</div>
</div>
</div>

<p>Un espace de travail unique où l’histoire rencontre la modernité, au cœur de Lyon. Depuis 2020, LAB20 a accueilli plusieurs types de métiers : une TPE de programmation web, le secrétariat d&rsquo;une maison d&rsquo;édition, un styliste,l&rsquo;antenne d&rsquo;une entreprise publique de la culture, des agents immobiliers et des télé-travailleurs du quartier. Installé sur le site d’un [&hellip;]</p>
