{"id":223,"date":"2024-09-22T15:13:51","date_gmt":"2024-09-22T13:13:51","guid":{"rendered":"https:\/\/lab20.fr\/?page_id=223"},"modified":"2024-09-23T09:01:28","modified_gmt":"2024-09-23T07:01:28","slug":"services-et-tarifs","status":"publish","type":"page","link":"https:\/\/lab20.fr\/index.php\/services-et-tarifs\/","title":{"rendered":"Services et tarifs"},"content":{"rendered":"\n<div class=\"wp-block-group alignfull has-base-background-color has-background is-nowrap is-layout-flex wp-container-core-group-is-layout-560e8266 wp-block-group-is-layout-flex\" style=\"margin-top:0;margin-bottom:0;padding-top:var(--wp--preset--spacing--50);padding-right:var(--wp--preset--spacing--50);padding-bottom:var(--wp--preset--spacing--50);padding-left:var(--wp--preset--spacing--50)\">\n<div class=\"wp-block-columns alignwide is-layout-flex wp-container-core-columns-is-layout-549b0c86 wp-block-columns-is-layout-flex\">\n<div class=\"wp-block-column is-vertically-aligned-bottom has-global-padding is-layout-constrained wp-block-column-is-layout-constrained\" style=\"flex-basis:40%\">\n<p class=\"wp-container-content-9cfa9a5a\"><strong>Postes de travail :<\/strong><\/p>\n\n\n\n<p class=\"wp-container-content-9cfa9a5a\">Chaque <strong>bureau est individuel<\/strong> et comprend une table spacieuse (160 x 80 cm), une chaise ergonomique, des \u00e9tag\u00e8res, et une lampe. Un \u00e9cran peut \u00eatre fournis sur demande. L\u2019acc\u00e8s \u00e0 Internet tr\u00e8s haut d\u00e9bit est disponible via Wi-Fi et Ethernet.<\/p>\n\n\n\n<ul class=\"wp-block-list\">\n<li>Imprimantes-scanners couleur (une format A4 recto\/verso et une autre format A3 qualit\u00e9 photo). Le&nbsp; forfait inclu 50 pages imprim\u00e9es A4 par mois.&nbsp;<\/li>\n\n\n\n<li>Petites fournitures de bureau \u00e0 disposition<\/li>\n<\/ul>\n<\/div>\n\n\n\n<div class=\"wp-block-column is-layout-flow wp-block-column-is-layout-flow\"><\/div>\n\n\n\n<div class=\"wp-block-column is-layout-flow wp-container-core-column-is-layout-119bc444 wp-block-column-is-layout-flow\" style=\"flex-basis:60%\">\n<p class=\"has-heading-font-family has-x-large-font-size\" style=\"line-height:1.2\">Un espace, flexible et accessible, pens\u00e9 pour votre confort de travail.<\/p>\n\n\n\n<div class=\"wp-block-columns is-layout-flex wp-container-core-columns-is-layout-87beb0d0 wp-block-columns-is-layout-flex\">\n<div class=\"wp-block-column is-layout-flow wp-block-column-is-layout-flow\">\n<p><strong>Espaces communs :<\/strong><\/p>\n\n\n\n<ul class=\"wp-block-list\">\n<li><strong>Cuisine \u00e9quip\u00e9e<\/strong> (r\u00e9frig\u00e9rateur, plaque \u00e0 induction, bouilloire, micro-ondes, machine \u00e0 caf\u00e9 expresso \u00e0 grains, vaisselle). Le caf\u00e9, le th\u00e9 et les petites fournitures sont inclus.<\/li>\n<\/ul>\n\n\n\n<ul class=\"wp-block-list\">\n<li><strong>Salle de r\u00e9union<\/strong> partag\u00e9e avec grande table et vid\u00e9o-projecteur.<\/li>\n<\/ul>\n<\/div>\n\n\n\n<div class=\"wp-block-column is-layout-flow wp-block-column-is-layout-flow\">\n<p><strong>Forfait mensuel tout compris :<\/strong><\/p>\n\n\n\n<ul class=\"wp-block-list\">\n<li>260\u20ac HT\/mois, sans d\u00e9p\u00f4t de garantie, engagement sur 1 mois minimum.<\/li>\n\n\n\n<li>Acc\u00e8s 24\/7 avec cl\u00e9 num\u00e9rique sur smartphone.<\/li>\n\n\n\n<li>Domiciliation d\u2019entreprise possible en option.<\/li>\n<\/ul>\n<\/div>\n<\/div>\n<\/div>\n<\/div>\n<\/div>\n","protected":false},"excerpt":{"rendered":"<p>Postes de travail : Chaque bureau est individuel et comprend une table spacieuse (160 x 80 cm), une chaise ergonomique, des \u00e9tag\u00e8res, et une lampe. Un \u00e9cran peut \u00eatre fournis sur demande. L\u2019acc\u00e8s \u00e0 Internet tr\u00e8s haut d\u00e9bit est disponible via Wi-Fi et Ethernet. Un espace, flexible et accessible, pens\u00e9 pour votre confort de travail. [&hellip;]<\/p>\n","protected":false},"author":1,"featured_media":0,"parent":0,"menu_order":0,"comment_status":"closed","ping_status":"closed","template":"","meta":{"footnotes":""},"class_list":["post-223","page","type-page","status-publish","hentry"],"_links":{"self":[{"href":"https:\/\/lab20.fr\/index.php\/wp-json\/wp\/v2\/pages\/223","targetHints":{"allow":["GET"]}}],"collection":[{"href":"https:\/\/lab20.fr\/index.php\/wp-json\/wp\/v2\/pages"}],"about":[{"href":"https:\/\/lab20.fr\/index.php\/wp-json\/wp\/v2\/types\/page"}],"author":[{"embeddable":true,"href":"https:\/\/lab20.fr\/index.php\/wp-json\/wp\/v2\/users\/1"}],"replies":[{"embeddable":true,"href":"https:\/\/lab20.fr\/index.php\/wp-json\/wp\/v2\/comments?post=223"}],"version-history":[{"count":3,"href":"https:\/\/lab20.fr\/index.php\/wp-json\/wp\/v2\/pages\/223\/revisions"}],"predecessor-version":[{"id":257,"href":"https:\/\/lab20.fr\/index.php\/wp-json\/wp\/v2\/pages\/223\/revisions\/257"}],"wp:attachment":[{"href":"https:\/\/lab20.fr\/index.php\/wp-json\/wp\/v2\/media?parent=223"}],"curies":[{"name":"wp","href":"https:\/\/api.w.org\/{rel}","templated":true}]}}